{"id":1201,"date":"2018-01-10T13:59:01","date_gmt":"2018-01-10T13:59:01","guid":{"rendered":"http:\/\/paroquiasjoaobosco.com\/?page_id=1201"},"modified":"2018-01-24T16:42:29","modified_gmt":"2018-01-24T16:42:29","slug":"normais-gerais-casamento","status":"publish","type":"page","link":"http:\/\/www.paroquiasjoaobosco.com\/index.php\/inscricoes-para-casamento\/normais-gerais-casamento\/","title":{"rendered":"Normas Gerais para Celebra\u00e7\u00e3o de Casamento"},"content":{"rendered":"<p>Para que se possa efetivar todo um programa que visa despertar a consci\u00eancia crist\u00e3 para os valores do Matrim\u00f4nio e coibir os excessos que se verificam por ocasi\u00e3o das cerim\u00f4nias religiosas do casamento, estabelecemos as seguintes normas que ser\u00e3o observadas com esp\u00edrito de f\u00e9 e muito amor:<\/p>\n<p><strong>Normas Gerais para Celebra\u00e7\u00e3o de Casamento<\/strong><\/p>\n<p>1. As Normas e Diretrizes Diocesanas orientam que o casamento civil \u00e9 obrigat\u00f3rio e dever\u00e1 ser realizado dias antes ou no m\u00e1ximo no dia do Matrim\u00f4nio na Igreja. \u00c9 preciso agend\u00e1-lo no Cart\u00f3rio com 03 meses de anteced\u00eancia.<\/p>\n<p>2. Lembramos que <strong>os noivos devem ser pontuais<\/strong>. Se houver atraso, a cerim\u00f4nia ser\u00e1 abreviada, mantendo-se somente aquilo que \u00e9 indispens\u00e1vel ao Rito do Matrim\u00f4nio. Ser\u00e3o suprimidos os cumprimentos aos pais e padrinhos no interior da Igreja e os cortejos, podendo-se at\u00e9 transferir o casamento para outro hor\u00e1rio, depois dos casamentos ou missas que venham em seguida.<\/p>\n<p>3. O n\u00famero de testemunhas (padrinhos) do noivo e da noiva pode ser de no m\u00e1ximo 04 (quatro) casais para cada um (8 pessoas para o noivo e 8 para a noiva) mais os pais ou quem faz sua vez. Se os pais do noivo ou da noiva n\u00e3o forem casados entre si, seus respectivos c\u00f4njuges tamb\u00e9m poder\u00e3o participar do cortejo, a crit\u00e9rio dos noivos e dos envolvidos. Devem chegar pelo menos 30 minutos antes do hor\u00e1rio da celebra\u00e7\u00e3o, junto com o noivo. Se os noivos desejarem a entrada de av\u00f3s, parentes ou outras pessoas, os mesmos contar\u00e3o como testemunhas. Pedimos que estejam em situa\u00e7\u00e3o matrimonial regular (casados na Igreja) ou que sejam solteiros maiores de 21 anos. Uma testemunha do noivo e uma da noiva dever\u00e3o assinar a Ata minutos antes da celebra\u00e7\u00e3o.<\/p>\n<p>4. N\u00e3o ser\u00e1 permitida a atua\u00e7\u00e3o, durante a cerim\u00f4nia, de profissionais de eventos ou cerimonial contratados pelos noivos. O trabalho ser\u00e1 feito gratuitamente pela equipe de volunt\u00e1rios da Par\u00f3quia. Toda orienta\u00e7\u00e3o ser\u00e1 feita pelos cerimonialistas da Igreja e n\u00e3o ser\u00e3o permitidos comandos, a\u00e7\u00f5es ou orienta\u00e7\u00f5es de terceiros.<\/p>\n<p>5. Haver\u00e1 uma reuni\u00e3o pr\u00e9via da Equipe de Cerimonial de Matrim\u00f4nio com os noivos para tratar de detalhes da Celebra\u00e7\u00e3o. A reuni\u00e3o poder\u00e1 ser agendada com v\u00e1rios casais.<\/p>\n<p>6. Para a ornamenta\u00e7\u00e3o da Igreja, \u00e9 permitido somente arranjos de flores naturais, pedimos que n\u00e3o sejam cometidos exageros. Os arranjos, uma vez colocados, n\u00e3o poder\u00e3o ser retirados ap\u00f3s o casamento. Sobre o altar n\u00e3o \u00e9 permitido colocar arranjos de qualquer esp\u00e9cie. Na Igreja Matriz\u00a0e comunidades,\u00a05 (cinco) profissionais est\u00e3o\u00a0 autorizados a realizar a decora\u00e7\u00e3o do ambiente . O valor a ser pago \u00e9 definido entre a equipe de decoradores e os noivos do final de semana mediante contrato, n\u00e3o tendo nenhum v\u00ednculo com a Par\u00f3quia. A igreja n\u00e3o fornece tapete e genuflex\u00f3rio, somente o suporte de flor do prebit\u00e9rio(colunas). Em cada comunidade paroquial haver\u00e1 uma \u00fanica ornamenta\u00e7\u00e3o para os matrim\u00f4nios celebrados no mesmo final de semana (sexta-feira e s\u00e1bado).<\/p>\n<p>7.\u00a0A\u00a0floricultura contratada pelos noivos ficar\u00e1 respons\u00e1vel pela retirada dos ornamentos imediatamente ap\u00f3s a celebra\u00e7\u00e3o do \u00faltimo matrim\u00f4nio do final de semana, respeitando as orienta\u00e7\u00f5es do item 6 (seis), deixando a igreja devidamente asseada e organizada.<\/p>\n<p>8. Os fot\u00f3grafos e filmadores dever\u00e3o ser discretos durante a Celebra\u00e7\u00e3o (n\u00e3o ficar passando na frente do assistente da celebra\u00e7\u00e3o). No momento da leitura da Palavra de Deus e da Prega\u00e7\u00e3o, devem usar de discri\u00e7\u00e3o e evitar locomo\u00e7\u00e3o. Gruas n\u00e3o s\u00e3o permitidas.<\/p>\n<p>9. Nas Comunidades Matriz e Sant\u2019Anna, os profissionais contratados n\u00e3o devem circular pelo Presbit\u00e9rio e instalar pedestais no mesmo. \u00c9 responsabilidade dos noivos inform\u00e1-los sobre as normas de atua\u00e7\u00e3o na Par\u00f3quia.<\/p>\n<p>10. Na comunidade Sant\u2019Anna, a porta ser\u00e1 aberta em 2 ocasi\u00f5es: a primeira, para entrada do Cortejo do noivo e Pajens e a segunda, para a entrada da noiva. Na comunidade Matriz, a porta poder\u00e1 ser aberta para: Entrada do noivo; Entrada dos pais e padrinhos, Entrada de Dama e Pajem e Entrada da noiva. Os pais poder\u00e3o entrar junto com o noivo. Nas demais comunidades da Par\u00f3quia, a Equipe de Cerimonial entrar\u00e1 em contato para acertar os detalhes.<\/p>\n<p>11. Quando houver dama ou pajem de honra, estes dever\u00e3o entrar junto com a noiva, ou antes dela. N\u00e3o Haver\u00e1 nenhum cortejo ap\u00f3s a entrada da noiva para que n\u00e3o se rompa o rito sacramental. S\u00e3o permitidos at\u00e9 04 pessoas como damas ou pajens, que dever\u00e3o ter mais que 5 anos de idade. N\u00e3o \u00e9 permitida a entrada de crian\u00e7a de colo ou com idade inferior a estabelecida. As crian\u00e7as dever\u00e3o estar acompanhadas por um respons\u00e1vel durante toda cerim\u00f4nia.<\/p>\n<p>12. Na comunidade Sant\u2019Anna, a porta permanecer\u00e1 aberta ap\u00f3s a entrada do noivo caso o tapete ultrapasse a soleira. N\u00e3o \u00e9 autorizado o uso de cortinas.<\/p>\n<p>13. N\u00e3o \u00e9 permitido jogar arroz, p\u00e9talas de rosas, bolhas de sab\u00e3o, soltar bal\u00f5es, entre outros, dentro ou fora da igreja. Se houver bal\u00f5es, os mesmos n\u00e3o poder\u00e3o conter g\u00e1s h\u00e9lio e dever\u00e3o estar afixados em suportes pr\u00f3prios para bexigas.<\/p>\n<p>14. Para a m\u00fasica da Celebra\u00e7\u00e3o orientamos que devem ser m\u00fasicas sacras (religiosas) ou cl\u00e1ssicas. N\u00e3o s\u00e3o permitidas m\u00fasicas de novelas, filmes, sertanejo, ax\u00e9, MPB e internacionais ou outras que possam tirar o foco do evento religioso. A rela\u00e7\u00e3o das m\u00fasicas deve ser encaminhada \u00e0 Equipe de Cerimonial at\u00e9 2 semanas antes do casamento para aprova\u00e7\u00e3o. Se, na hora do casamento, surgir alguma m\u00fasica n\u00e3o autorizada, o assistente da celebra\u00e7\u00e3o ir\u00e1 solicitar ao coral para alter\u00e1-la ou o momento ficar\u00e1 sem m\u00fasica. O espa\u00e7o para os musicos na comunidade Sant&#8217;Anna \u00e9 pequeno e n\u00e3o deve ultrapassar o limite apropriado, fica sob a responsabilidade dos noivos visitar o local antes de contratar os profissionais.<\/p>\n<p>15. A contrata\u00e7\u00e3o da equipe de m\u00fasica \u00e9 de responsabilidade dos noivos, n\u00e3o estando incluso no valor do processo. A Paroquia n\u00e3o disp\u00f5e de equipe de m\u00fasica para casamentos, os m\u00fasicos contratados pelos noivos devem entrar em conato com nossa t\u00e9cnica de som para esclarecer os equipamentos necess\u00e1rios (Marcia 99960-9371). Os m\u00fasicos dever\u00e3o usar o mezanino.<\/p>\n<p>16. Cabe aos noivos informar \u00e0 equipe contratada que as m\u00fasicas podem ser tocadas ou cantadas (nesse \u00faltimo caso, apenas se forem m\u00fasicas religiosas) nos seguintes momentos: a) Entrada do noivo b) Entrada dos pais e padrinhos c) Entrada do pajem e dama de honra d) Entrada da noiva e) Salmo f) Aclama\u00e7\u00e3o: Aleluia g) Ben\u00e7\u00e3o das Alian\u00e7as: sugest\u00e3o Ave Maria h) Assinaturas i)Cumprimento e sa\u00edda dos pais e padrinhos (2 m\u00fasicas) j) Sa\u00edda dos noivos<\/p>\n<p>17. Caso os noivos n\u00e3o contratem cantor, o Salmo ser\u00e1 recitado e a Aclama\u00e7\u00e3o orientada pelo assistente da cerim\u00f4nia.<\/p>\n<p>18. Contribui\u00e7\u00e3o da Esp\u00f3rtula: Por ocasi\u00e3o da reserva de data, os noivos dever\u00e3o proceder da seguinte forma:<\/p>\n<p>a) Reserva da data: R$ 150,00 (cento e cinquenta reais). Esse valor ser\u00e1 abatido do valor total do casamento (01 Sal\u00e1rio M\u00ednimo);<\/p>\n<p>b) Abertura de Processo:\u00a0 O processo deve ser iniciado at\u00e9<strong>\u00a0seis meses<\/strong> antes da cerim\u00f4nia a ser realizada em uma das comunidades da Par\u00f3quia S\u00e3o Jo\u00e3o Bosco,<\/p>\n<p>c) Transfer\u00eancia: 50% de 01 (um) sal\u00e1rio m\u00ednimo (50% na Par\u00f3quia onde o processo ser\u00e1 aberto e 50% na Par\u00f3quia onde se realizar\u00e1 o casamento).<\/p>\n<p><strong>Esses valores estipulados n\u00e3o ser\u00e3o devolvidos caso haja o cancelamento da Celebra\u00e7\u00e3o.<\/strong><\/p>\n<p>19. Orientamos os noivos a fazerem a Reserva de data pessoalmente, n\u00e3o delegando esta incumb\u00eancia a terceiros.<\/p>\n<p>20. S\u00f3 ser\u00e3o permitidos aos noivos os cumprimentos aos pais e padrinhos, fica proibido o cumprimento dos convidados na Igreja, inclusive no estacionamento.<\/p>\n<p>21. O cortejo se iniciar\u00e1 na hora marcada para a cerim\u00f4nia, mesmo que a noiva ainda n\u00e3o tenha chegado \u00e0 Igreja. Reler item 2, sobre a pontualidade.<\/p>\n<p>22. Todas as Celebra\u00e7\u00f5es tem car\u00e1ter p\u00fablico. Portanto, em nenhuma celebra\u00e7\u00e3o de Matrim\u00f4nio, poder\u00e3o ser fechadas as portas para os fieis. Se forem contratados seguran\u00e7as particulares, eles n\u00e3o poder\u00e3o impedir a entrada e perman\u00eancia de quem quer que seja.<\/p>\n<p>23. Em nossa Par\u00f3quia, o respons\u00e1vel por assistir aos casamentos \u00e9 o Di\u00e1cono Vit\u00f3rio. Se os noivos desejarem convidar um Padre ou Di\u00e1cono de outra Par\u00f3quia, fica sob responsabilidade dos mesmos o convite. Ao convidar um celebrante de fora, o Di\u00e1cono\u00a0Vit\u00f3rio\u00a0ficar\u00e1 livre para assumir outros compromissos, sendo assim, \u00e9 de responsabilidade dos noivos a confirma\u00e7\u00e3o do casamento com o assistente convidado e, na aus\u00eancia do mesmo, comunicar \u00e0 Secretaria Paroquial e, se necess\u00e1rio, os noivos dever\u00e3o providenciar outro assistente para o Matrim\u00f4nio.<\/p>\n<p>24. A Par\u00f3quia n\u00e3o se responsabiliza por imprevistos devidos a causas maiores como: falta de energia el\u00e9trica, problemas no som ou nas instala\u00e7\u00f5es el\u00e9tricas, atraso justificado do Assistente (di\u00e1cono ou padre) disponibilizado pela Igreja Matriz para atuar nas cerim\u00f4nias da Par\u00f3quia, etc.<\/p>\n<p><a href=\"http:\/\/paroquiasjoaobosco.com\/index.php\/2016\/01\/10\/orientacoes-gerais\" target=\"_blank\"><strong>Orienta\u00e7\u00f5es Gerais<\/strong><\/a><\/p>\n<p><a href=\"http:\/\/paroquiasjoaobosco.com\/index.php\/2016\/01\/10\/documentacao\/\" target=\"_blank\"><strong>Documenta\u00e7\u00e3o<\/strong><\/a><\/p>\n<p><a href=\"http:\/\/paroquiasjoaobosco.com\/index.php\/2016\/01\/10\/liturgia-da-palavra\" target=\"_blank\"><strong>Liturgia da Palavra<\/strong><\/a><\/p>\n<p><a href=\"http:\/\/paroquiasjoaobosco.com\/index.php\/2016\/01\/10\/cortejos\/\" target=\"_blank\"><strong>Cortejos<\/strong><\/a><\/p>\n<p><a href=\"http:\/\/paroquiasjoaobosco.com\/index.php\/2016\/01\/10\/encontro-de-noivos\" target=\"_blank\"><strong>Encontro de Noivos<\/strong><\/a><\/p>\n<p><a href=\"http:\/\/paroquiasjoaobosco.com\/index.php\/2016\/01\/10\/musicas\" target=\"_blank\"><strong>M\u00fasicas<\/strong><\/a><\/p>\n<p><a href=\"http:\/\/paroquiasjoaobosco.com\/index.php\/2016\/01\/10\/fotos-dos-locais-religiosos-para-casamento\" target=\"_blank\"><strong>Fotos<\/strong><\/a><\/p>\n","protected":false},"excerpt":{"rendered":"<p>Para que se possa efetivar todo um programa que visa despertar a consci\u00eancia crist\u00e3 para os valores do Matrim\u00f4nio e coibir os excessos que se verificam por ocasi\u00e3o das cerim\u00f4nias religiosas do casamento, estabelecemos as seguintes normas que ser\u00e3o observadas com esp\u00edrito de f\u00e9 e muito amor: Normas Gerais para[&#8230;]<\/p>\n","protected":false},"author":2,"featured_media":0,"parent":432,"menu_order":0,"comment_status":"closed","ping_status":"closed","template":"","meta":{"_mi_skip_tracking":false,"_exactmetrics_sitenote_active":false,"_exactmetrics_sitenote_note":"","_exactmetrics_sitenote_category":0},"_links":{"self":[{"href":"http:\/\/www.paroquiasjoaobosco.com\/index.php\/wp-json\/wp\/v2\/pages\/1201"}],"collection":[{"href":"http:\/\/www.paroquiasjoaobosco.com\/index.php\/wp-json\/wp\/v2\/pages"}],"about":[{"href":"http:\/\/www.paroquiasjoaobosco.com\/index.php\/wp-json\/wp\/v2\/types\/page"}],"author":[{"embeddable":true,"href":"http:\/\/www.paroquiasjoaobosco.com\/index.php\/wp-json\/wp\/v2\/users\/2"}],"replies":[{"embeddable":true,"href":"http:\/\/www.paroquiasjoaobosco.com\/index.php\/wp-json\/wp\/v2\/comments?post=1201"}],"version-history":[{"count":6,"href":"http:\/\/www.paroquiasjoaobosco.com\/index.php\/wp-json\/wp\/v2\/pages\/1201\/revisions"}],"predecessor-version":[{"id":1248,"href":"http:\/\/www.paroquiasjoaobosco.com\/index.php\/wp-json\/wp\/v2\/pages\/1201\/revisions\/1248"}],"up":[{"embeddable":true,"href":"http:\/\/www.paroquiasjoaobosco.com\/index.php\/wp-json\/wp\/v2\/pages\/432"}],"wp:attachment":[{"href":"http:\/\/www.paroquiasjoaobosco.com\/index.php\/wp-json\/wp\/v2\/media?parent=1201"}],"curies":[{"name":"wp","href":"https:\/\/api.w.org\/{rel}","templated":true}]}}