{"id":217,"date":"2015-10-01T21:53:48","date_gmt":"2015-10-01T21:53:48","guid":{"rendered":"http:\/\/paroquiasjoaobosco.com\/wp\/?page_id=217"},"modified":"2016-10-05T16:09:05","modified_gmt":"2016-10-05T16:09:05","slug":"comunidade-santa-anna","status":"publish","type":"page","link":"http:\/\/www.paroquiasjoaobosco.com\/index.php\/comunidade-santa-anna\/","title":{"rendered":"* Com. Santa Ana"},"content":{"rendered":"<p class=\"hide-if-no-js\"><a id=\"set-post-thumbnail\" class=\"thickbox\" title=\"Definir imagem destacada\" href=\"http:\/\/paroquiasjoaobosco.com\/wp-admin\/media-upload.php?post_id=217&amp;type=image&amp;TB_iframe=1\"><img decoding=\"async\" loading=\"lazy\" class=\"attachment-266x266 aligncenter\" src=\"http:\/\/paroquiasjoaobosco.com\/wp-content\/uploads\/2015\/10\/santana-300x233.jpeg\" alt=\"sant'ana\" width=\"266\" height=\"207\" \/><\/a><\/p>\n<p><strong>Santa Anna:<\/strong><br \/>\n<strong>Endere\u00e7o:<\/strong>Av. Jos\u00e9 Gotardo, s\/n \u2013 Jardim Carolina \u2013 13200-000 \u2013 Jundia\u00ed\/SP<br \/>\n<strong>E-mail:<\/strong> santanna@paroquiasjoaobosco.com<\/p>\n<p><strong>Hor\u00e1rio de Missas e Celebra\u00e7\u00f5es:<\/strong>\u00a0<a href=\"http:\/\/paroquiasjoaobosco.com\/index.php\/2015\/09\/22\/missas-da-paroquia\/\"> Clique Aqui!<\/a><\/p>\n<p><strong>Grupo Irm\u00e3os Adoradores:<br \/>\n<\/strong>Toda quinta-feira \u00e0s 20h00<\/p>\n<p><a href=\"http:\/\/paroquiasjoaobosco.com\/wp-content\/uploads\/2015\/09\/separador-vintage-large1.png\" rel=\"fancybox[217]\"><img decoding=\"async\" loading=\"lazy\" class=\"alignnone wp-image-195\" src=\"http:\/\/paroquiasjoaobosco.com\/wp-content\/uploads\/2015\/09\/separador-vintage-large1-300x13.png\" alt=\"separador-vintage-large1\" width=\"1038\" height=\"45\" srcset=\"http:\/\/www.paroquiasjoaobosco.com\/wp-content\/uploads\/2015\/09\/separador-vintage-large1-300x13.png 300w, http:\/\/www.paroquiasjoaobosco.com\/wp-content\/uploads\/2015\/09\/separador-vintage-large1-1024x45.png 1024w, http:\/\/www.paroquiasjoaobosco.com\/wp-content\/uploads\/2015\/09\/separador-vintage-large1.png 1140w\" sizes=\"(max-width: 1038px) 100vw, 1038px\" \/><\/a><\/p>\n<hr \/>\n<div id=\"attachment_328\" style=\"width: 310px\" class=\"wp-caption alignnone\"><a href=\"http:\/\/paroquiasjoaobosco.com\/wp-content\/uploads\/2015\/11\/aviso-da-semana-com.-Nossa-Senhora-Fatima.png\" rel=\"fancybox[217]\"><img aria-describedby=\"caption-attachment-328\" decoding=\"async\" loading=\"lazy\" class=\"size-medium wp-image-328\" src=\"http:\/\/paroquiasjoaobosco.com\/wp-content\/uploads\/2015\/11\/aviso-da-semana-com.-Nossa-Senhora-Fatima-300x72.png\" alt=\"aviso da semana - com. Nossa Senhora Fatima\" width=\"300\" height=\"72\" srcset=\"http:\/\/www.paroquiasjoaobosco.com\/wp-content\/uploads\/2015\/11\/aviso-da-semana-com.-Nossa-Senhora-Fatima-300x72.png 300w, http:\/\/www.paroquiasjoaobosco.com\/wp-content\/uploads\/2015\/11\/aviso-da-semana-com.-Nossa-Senhora-Fatima.png 700w\" sizes=\"(max-width: 300px) 100vw, 300px\" \/><\/a><p id=\"caption-attachment-328\" class=\"wp-caption-text\">aviso da semana &#8211; com. Santa Ana<\/p><\/div>\n<hr \/>\n","protected":false},"excerpt":{"rendered":"<p>Santa Anna: Endere\u00e7o:Av. Jos\u00e9 Gotardo, s\/n \u2013 Jardim Carolina \u2013 13200-000 \u2013 Jundia\u00ed\/SP E-mail: santanna@paroquiasjoaobosco.com Hor\u00e1rio de Missas e Celebra\u00e7\u00f5es:\u00a0 Clique Aqui! Grupo Irm\u00e3os Adoradores: Toda quinta-feira \u00e0s 20h00<\/p>\n","protected":false},"author":1,"featured_media":0,"parent":0,"menu_order":0,"comment_status":"closed","ping_status":"closed","template":"","meta":{"_mi_skip_tracking":false,"_exactmetrics_sitenote_active":false,"_exactmetrics_sitenote_note":"","_exactmetrics_sitenote_category":0},"_links":{"self":[{"href":"http:\/\/www.paroquiasjoaobosco.com\/index.php\/wp-json\/wp\/v2\/pages\/217"}],"collection":[{"href":"http:\/\/www.paroquiasjoaobosco.com\/index.php\/wp-json\/wp\/v2\/pages"}],"about":[{"href":"http:\/\/www.paroquiasjoaobosco.com\/index.php\/wp-json\/wp\/v2\/types\/page"}],"author":[{"embeddable":true,"href":"http:\/\/www.paroquiasjoaobosco.com\/index.php\/wp-json\/wp\/v2\/users\/1"}],"replies":[{"embeddable":true,"href":"http:\/\/www.paroquiasjoaobosco.com\/index.php\/wp-json\/wp\/v2\/comments?post=217"}],"version-history":[{"count":16,"href":"http:\/\/www.paroquiasjoaobosco.com\/index.php\/wp-json\/wp\/v2\/pages\/217\/revisions"}],"predecessor-version":[{"id":914,"href":"http:\/\/www.paroquiasjoaobosco.com\/index.php\/wp-json\/wp\/v2\/pages\/217\/revisions\/914"}],"wp:attachment":[{"href":"http:\/\/www.paroquiasjoaobosco.com\/index.php\/wp-json\/wp\/v2\/media?parent=217"}],"curies":[{"name":"wp","href":"https:\/\/api.w.org\/{rel}","templated":true}]}}