{"id":460,"date":"2015-11-16T11:44:08","date_gmt":"2015-11-16T11:44:08","guid":{"rendered":"http:\/\/paroquiasjoaobosco.com\/wp\/?page_id=460"},"modified":"2015-11-16T11:44:08","modified_gmt":"2015-11-16T11:44:08","slug":"ministro-da-eucaristia","status":"publish","type":"page","link":"http:\/\/www.paroquiasjoaobosco.com\/index.php\/ministro-da-eucaristia\/","title":{"rendered":"Ministro da Eucaristia"},"content":{"rendered":"<p>Ministros Extraordin\u00e1rios da Comunh\u00e3o Eucar\u00edstica \u2013 s\u00e3o um grupo de leigos e leigas convidados a fazer parte do servi\u00e7o do altar, da distribui\u00e7\u00e3o da santa comunh\u00e3o nas missas e aos doentes, em suas casas. S\u00e3o convidados a participar da reuni\u00e3o mensal, cumprir a escala nas celebra\u00e7\u00f5es das Missas, participar ativamente da vida paroquial, distribuir a comunh\u00e3o aos doentes e dar testemunho de amor em sua comunidade.<\/p>\n","protected":false},"excerpt":{"rendered":"<p>Ministros Extraordin\u00e1rios da Comunh\u00e3o Eucar\u00edstica \u2013 s\u00e3o um grupo de leigos e leigas convidados a fazer parte do servi\u00e7o do altar, da distribui\u00e7\u00e3o da santa comunh\u00e3o nas missas e aos doentes, em suas casas. S\u00e3o convidados a participar da reuni\u00e3o mensal, cumprir a escala nas celebra\u00e7\u00f5es das Missas, participar ativamente[&#8230;]<\/p>\n","protected":false},"author":1,"featured_media":0,"parent":0,"menu_order":0,"comment_status":"closed","ping_status":"closed","template":"","meta":{"_mi_skip_tracking":false,"_exactmetrics_sitenote_active":false,"_exactmetrics_sitenote_note":"","_exactmetrics_sitenote_category":0},"_links":{"self":[{"href":"http:\/\/www.paroquiasjoaobosco.com\/index.php\/wp-json\/wp\/v2\/pages\/460"}],"collection":[{"href":"http:\/\/www.paroquiasjoaobosco.com\/index.php\/wp-json\/wp\/v2\/pages"}],"about":[{"href":"http:\/\/www.paroquiasjoaobosco.com\/index.php\/wp-json\/wp\/v2\/types\/page"}],"author":[{"embeddable":true,"href":"http:\/\/www.paroquiasjoaobosco.com\/index.php\/wp-json\/wp\/v2\/users\/1"}],"replies":[{"embeddable":true,"href":"http:\/\/www.paroquiasjoaobosco.com\/index.php\/wp-json\/wp\/v2\/comments?post=460"}],"version-history":[{"count":1,"href":"http:\/\/www.paroquiasjoaobosco.com\/index.php\/wp-json\/wp\/v2\/pages\/460\/revisions"}],"predecessor-version":[{"id":462,"href":"http:\/\/www.paroquiasjoaobosco.com\/index.php\/wp-json\/wp\/v2\/pages\/460\/revisions\/462"}],"wp:attachment":[{"href":"http:\/\/www.paroquiasjoaobosco.com\/index.php\/wp-json\/wp\/v2\/media?parent=460"}],"curies":[{"name":"wp","href":"https:\/\/api.w.org\/{rel}","templated":true}]}}