{"id":487,"date":"2015-11-16T11:59:08","date_gmt":"2015-11-16T11:59:08","guid":{"rendered":"http:\/\/paroquiasjoaobosco.com\/wp\/?page_id=487"},"modified":"2018-01-24T16:56:16","modified_gmt":"2018-01-24T16:56:16","slug":"catequese","status":"publish","type":"page","link":"http:\/\/www.paroquiasjoaobosco.com\/index.php\/catequese\/","title":{"rendered":"Catequese"},"content":{"rendered":"<blockquote>\n<h2>Catequese<\/h2>\n<p>A miss\u00e3o da Pastoral da Catequese \u00e9 iniciar crian\u00e7as, adolescentes, jovens e adultos na f\u00e9 crist\u00e3. Esta inicia\u00e7\u00e3o se d\u00e1, concretamente, atrav\u00e9s da forma\u00e7\u00e3o crist\u00e3 \u00e0 luz dos Evangelhos, da celebra\u00e7\u00e3o lit\u00fargica e da viv\u00eancia comunit\u00e1ria. Realizamos encontros semanais de forma\u00e7\u00e3o, onde s\u00e3o apresentados temas do nosso cotidiano, iluminados pela Palavra de Deus. Nossa catequese est\u00e1 organizada em catequese infantil, catequese de crisma, catequese especial e catequese de adultos.<\/p>\n<p>===============================================================================================================================<\/p>\n<p><strong>INSCRI\u00c7\u00c3O PARA 1\u00aa EUCARISTIA<\/strong><br \/>\nPer\u00edodo de inscri\u00e7\u00e3o:01\/06\/2018 \u00e0 20\/07\/2018<br \/>\nIdade: 09 anos completos ou a completar at\u00e9\u00a031 de julho<\/p>\n<p>Documentos necess\u00e1rios:<br \/>\n&#8211; Xerox de Certid\u00e3o de Nascimento ou RG<br \/>\n&#8211; Xerox de Certid\u00e3o de batismo<br \/>\n&#8211; Xerox de Comprovante de resid\u00eancia<br \/>\n(obs: a inscri\u00e7\u00e3o s\u00f3 ser\u00e1 considerada com todos<br \/>\nos documentos necess\u00e1rios )<\/p><\/blockquote>\n","protected":false},"excerpt":{"rendered":"<p>Catequese A miss\u00e3o da Pastoral da Catequese \u00e9 iniciar crian\u00e7as, adolescentes, jovens e adultos na f\u00e9 crist\u00e3. Esta inicia\u00e7\u00e3o se d\u00e1, concretamente, atrav\u00e9s da forma\u00e7\u00e3o crist\u00e3 \u00e0 luz dos Evangelhos, da celebra\u00e7\u00e3o lit\u00fargica e da viv\u00eancia comunit\u00e1ria. Realizamos encontros semanais de forma\u00e7\u00e3o, onde s\u00e3o apresentados temas do nosso cotidiano, iluminados[&#8230;]<\/p>\n","protected":false},"author":1,"featured_media":0,"parent":0,"menu_order":0,"comment_status":"closed","ping_status":"closed","template":"","meta":{"_mi_skip_tracking":false,"_exactmetrics_sitenote_active":false,"_exactmetrics_sitenote_note":"","_exactmetrics_sitenote_category":0},"_links":{"self":[{"href":"http:\/\/www.paroquiasjoaobosco.com\/index.php\/wp-json\/wp\/v2\/pages\/487"}],"collection":[{"href":"http:\/\/www.paroquiasjoaobosco.com\/index.php\/wp-json\/wp\/v2\/pages"}],"about":[{"href":"http:\/\/www.paroquiasjoaobosco.com\/index.php\/wp-json\/wp\/v2\/types\/page"}],"author":[{"embeddable":true,"href":"http:\/\/www.paroquiasjoaobosco.com\/index.php\/wp-json\/wp\/v2\/users\/1"}],"replies":[{"embeddable":true,"href":"http:\/\/www.paroquiasjoaobosco.com\/index.php\/wp-json\/wp\/v2\/comments?post=487"}],"version-history":[{"count":4,"href":"http:\/\/www.paroquiasjoaobosco.com\/index.php\/wp-json\/wp\/v2\/pages\/487\/revisions"}],"predecessor-version":[{"id":1249,"href":"http:\/\/www.paroquiasjoaobosco.com\/index.php\/wp-json\/wp\/v2\/pages\/487\/revisions\/1249"}],"wp:attachment":[{"href":"http:\/\/www.paroquiasjoaobosco.com\/index.php\/wp-json\/wp\/v2\/media?parent=487"}],"curies":[{"name":"wp","href":"https:\/\/api.w.org\/{rel}","templated":true}]}}